ghest common factor of 51 and 387.
3
Calculate the highest common factor of 92148 and 84.
84
Calculate the highest common divisor of 646 and 23028.
38
What is the greatest common divisor of 3636 and 1840422?
606
What is the highest common divisor of 280 and 434?
14
What is the greatest common factor of 5830 and 15620?
110
What is the highest common factor of 33921 and 18?
9
Calculate the highest common factor of 80 and 38320.
80
What is the highest common divisor of 3757 and 1734?
289
Calculate the highest common factor of 24189 and 165.
33
What is the greatest common factor of 5073570 and 874?
874
What is the highest common divisor of 8650 and 643906?
346
Calculate the highest common divisor of 1941 and 51.
3
Calculate the highest common factor of 5829 and 3219.
87
Calculate the greatest common divisor of 1315 and 15290.
5
What is the highest common factor of 205 and 315?
5
Calculate the highest common divisor of 4681 and 558.
31
What is the greatest common divisor of 92989 and 26?
13
Calculate the highest common divisor of 374 and 2750.
22
Calculate the highest common divisor of 131157 and 273.
39
Calculate the greatest common divisor of 798 and 11578.
14
Calculate the highest common divisor of 474 and 45741.
237
Calculate the greatest common divisor of 22 and 74162.
22
Calculate the greatest common factor of 142 and 21797.
71
What is the greatest common factor of 37710 and 360?
90
What is the highest common factor of 1101 and 2280538?
367
Calculate the highest common factor of 37611 and 126.
63
Calculate the greatest common divisor of 35568 and 118313.
247
Calculate the greatest common divisor of 234 and 186654.
78
What is the greatest common factor of 1118 and 7568?
86
What is the greatest common divisor of 245934 and 494?
26
Calculate the greatest common divisor of 14 and 28231028.
14
Calculate the greatest common divisor of 91806 and 18618.
642
What is the highest common factor of 12654 and 12882?
114
Calculate the greatest common factor of 106557 and 66.
33
Calculate the greatest common divisor of 1912 and 1520518.
478
Calculate the greatest common factor of 18888 and 712.
8
Calculate the highest common factor of 383213 and 326.
163
What is the greatest common divisor of 24 and 2913636?
12
What is the greatest common factor of 128016 and 40?
8
What is the highest common divisor of 18270 and 20720?
70
Calculate the highest common divisor of 16600 and 664.
664
What is the greatest common factor of 10760 and 7240?
40
Calculate the highest common divisor of 5397 and 550751.
257
Calculate the greatest common factor of 54950 and 518728.
2198
What is the greatest common factor of 160 and 319880?
40
Calculate the highest common factor of 1988 and 1652.
28
Calculate the highest common divisor of 10 and 4960.
10
Calculate the highest common factor of 18415356 and 12.
12
Calculate the highest common divisor of 519950 and 75.
25
Calculate the greatest common factor of 267 and 9167.
89
What is the highest common factor of 8841 and 63?
21
Calculate the greatest common factor of 148 and 1754392.
148
Calculate the highest common factor of 10545 and 165.
15
Calculate the highest common factor of 25376 and 305.
61
Calculate the highest common factor of 333 and 247974.
111
What is the greatest common factor of 158159 and 109?
109
What is the greatest common factor of 34724 and 32?
4
Calculate the highest common factor of 48415 and 35.
5
Calculate the highest common divisor of 11552 and 57.
19
What is the greatest common factor of 16611 and 3051?
339
Calculate the highest common divisor of 13992 and 15924.
12
What is the greatest common factor of 9315 and 27715?
115
What is the greatest common divisor of 1680 and 341160?
120
Calculate the greatest common factor of 143 and 1180608.
143
Calculate the highest common divisor of 1729 and 11837.
133
What is the greatest common divisor of 22 and 6145634?
22
Calculate the highest common divisor of 2947264 and 64.
64
What is the greatest common divisor of 14 and 817383?
7
What is the greatest common divisor of 1809 and 16147?
67
Calculate the greatest common divisor of 399 and 336.
21
What is the greatest common divisor of 1219 and 11?
1
What is the highest common factor of 601224 and 13858?
1066
What is the greatest common factor of 47355 and 11726?
451
Calculate the greatest common factor of 3508865 and 265.
265
Calculate the highest common divisor of 14837 and 8822.
401
Calculate the highest common divisor of 51 and 119697.
51
What is the greatest common divisor of 3268616 and 104?
104
What is the greatest common factor of 946784 and 800?
32
What is the highest common factor of 310 and 74245?
155
What is the greatest common factor of 12 and 2487?
3
What is the highest common factor of 378 and 106785?
189
Calculate the highest common divisor of 3806148 and 12.
12
What is the highest common divisor of 534 and 134746?
178
What is the greatest common divisor of 38 and 44348?
2
Calculate the greatest common divisor of 199224 and 90.
18
What is the highest common factor of 39545 and 935?
55
What is the greatest common divisor of 286 and 16042?
26
Calculate the greatest common divisor of 84722 and 66.
22
What is the highest common factor of 225225 and 2457?
819
Calculate the greatest common factor of 229787 and 61.
61
Calculate the greatest common divisor of 450 and 51550.
50
What is the highest common divisor of 31750 and 3429?
127
What is the highest common factor of 95 and 3439?
19
Calculate the highest common divisor of 2 and 117709.
1
What is the highest common factor of 79118 and 5304?
442
What is the highest common factor of 47851 and 6976?
109
Calculate the greatest common factor of 76921 and 244.
61
Calculate the greatest common factor of 12719 and 511.
7
Calculate the greatest common divisor of 3 and 1556679.
3
Calculate the highest common divisor of 1121749 and 87.
29
What is the greatest common divisor of 613 and 540053?
613
Calculate the highest common divisor of 1144 and 11264.
88
What is the greatest common factor of 155463 and 231?
231
What is the highest common divisor of 5886 and 14388?
654
What is the greatest common factor of 564 and 1833?
141
What is the highest common factor of 791 and 2212?
7
What is the highest common divisor of 94817 and 318?
53
What is the highest common factor of 15 and 883870?
5
Calculate the highest common divisor of 7390702 and 33.
11
Calculate the greatest common divisor of 30051 and 2756.
53
What is the greatest common divisor of 227 and 493952?
227
Calculate the greatest common divisor of 3454 and 2354.
22
Calculate the greatest common divisor of 180933 and 123.
123
What is the greatest common divisor of 550291 and 381?
127
What is the greatest common factor of 4 and 1396?
4
What is the highest common divisor of 360 and 196200?
360
What is the greatest common divisor of 1201375 and 7000?
875
What is the highest common divisor of 288 and 3516?
12
Calculate the highest common factor of 5902 and 6583.
227
What is the highest common factor of 75 and 6495?
15
Calculate the highest common divisor of 1883 and 7.
7
Calculate the highest common divisor of 353392 and 78.
26
What is the greatest common divisor of 213790 and 390?
10
Calculate the highest common factor of 95 and 964763.
19
What is the greatest common factor of 300205 and 35?
5
What is the greatest common factor of 297 and 3366?
99
What is the greatest common factor of 480616 and 2?
2
Calculate the greatest common factor of 2054060 and 1860.
620
What is the greatest common factor of 175053 and 86?
43
What is the highest common divisor of 78560 and 2080?
160
Calculate the highest common divisor of 3234 and 28974.
66
Calculate the greatest common divisor of 578 and 5814.
34
Calculate the greatest common divisor of 1710 and 63555.
285
What is the highest common factor of 711 and 14457?
237
What is the highest common divisor of 33264 and 19?
1
What is the greatest common factor of 2632 and 1816?
8
Calculate the highest common divisor of 132 and 14196.
12
Calculate the greatest common divisor of 28800 and 35520.
960
Calculate the highest common divisor of 44148 and 7075.
283
What is the highest common factor of 2384 and 41422?
298
What is the greatest common factor of 144373 and 177?
59
Calculate the highest common f